at is the greatest common factor of 352 and 11?
11
What is the highest common divisor of 17850 and 28?
14
What is the greatest common divisor of 1296 and 81?
81
Calculate the greatest common divisor of 99 and 561.
33
Calculate the greatest common factor of 9179 and 411.
137
Calculate the highest common factor of 4110 and 30.
30
What is the greatest common divisor of 350 and 3710?
70
Calculate the greatest common divisor of 6000 and 72.
24
Calculate the greatest common factor of 32 and 13168.
16
Calculate the greatest common factor of 448 and 28.
28
Calculate the highest common divisor of 2532 and 48.
12
What is the highest common factor of 88 and 10648?
88
Calculate the highest common divisor of 148 and 84212.
148
Calculate the greatest common divisor of 2220 and 804.
12
Calculate the greatest common divisor of 64 and 256.
64
Calculate the highest common divisor of 11 and 77.
11
What is the greatest common factor of 62 and 31?
31
What is the greatest common divisor of 494 and 26?
26
What is the greatest common divisor of 57 and 1007?
19
Calculate the greatest common factor of 164 and 11070.
82
Calculate the highest common factor of 13069 and 7.
7
What is the highest common divisor of 36 and 522?
18
What is the greatest common divisor of 1458 and 54?
54
What is the greatest common factor of 1287 and 117?
117
Calculate the highest common factor of 33 and 1243.
11
Calculate the greatest common divisor of 22 and 18480.
22
Calculate the greatest common factor of 112 and 161.
7
Calculate the greatest common factor of 144 and 324.
36
What is the highest common divisor of 18 and 963?
9
Calculate the highest common factor of 737 and 66.
11
Calculate the greatest common divisor of 9 and 117.
9
What is the highest common factor of 55 and 121?
11
What is the greatest common divisor of 25725 and 49?
49
Calculate the highest common divisor of 59 and 59.
59
What is the greatest common factor of 33 and 231?
33
Calculate the highest common factor of 125 and 27875.
125
What is the greatest common divisor of 56 and 1864?
8
Calculate the highest common divisor of 100 and 120.
20
Calculate the highest common divisor of 3 and 11.
1
Calculate the highest common factor of 462 and 182.
14
Calculate the greatest common divisor of 7544 and 123.
41
What is the highest common divisor of 8 and 88?
8
What is the greatest common factor of 2456 and 8?
8
Calculate the greatest common factor of 33 and 19404.
33
Calculate the highest common divisor of 12 and 1782.
6
What is the greatest common factor of 13409 and 253?
253
What is the highest common factor of 176 and 22?
22
Calculate the greatest common divisor of 5 and 7615.
5
Calculate the highest common divisor of 141 and 51.
3
Calculate the greatest common divisor of 26344 and 444.
148
What is the highest common divisor of 62 and 217?
31
Calculate the highest common factor of 41 and 15047.
41
Calculate the greatest common factor of 252 and 612.
36
Calculate the highest common divisor of 6050 and 175.
25
Calculate the highest common divisor of 5892 and 108.
12
Calculate the highest common divisor of 20473 and 59.
59
What is the highest common factor of 6810 and 15?
15
What is the greatest common divisor of 2 and 2293?
1
Calculate the greatest common factor of 325 and 26.
13
What is the greatest common factor of 8792 and 168?
56
Calculate the greatest common factor of 540 and 180.
180
Calculate the highest common factor of 253 and 55.
11
What is the greatest common factor of 22 and 682?
22
Calculate the greatest common divisor of 19 and 19.
19
What is the greatest common factor of 8 and 18008?
8
What is the highest common divisor of 1525 and 122?
61
What is the greatest common factor of 162 and 24?
6
What is the highest common factor of 426 and 102?
6
What is the greatest common divisor of 13 and 65585?
13
What is the greatest common divisor of 330 and 2750?
110
Calculate the highest common factor of 165 and 45.
15
Calculate the greatest common divisor of 2364 and 12.
12
Calculate the greatest common divisor of 48 and 222.
6
Calculate the highest common factor of 161 and 27853.
161
What is the greatest common divisor of 2419 and 118?
59
Calculate the highest common factor of 1648 and 48.
16
What is the greatest common factor of 968 and 6952?
88
Calculate the greatest common divisor of 364 and 4.
4
Calculate the highest common factor of 8206 and 22.
22
Calculate the highest common factor of 10 and 24730.
10
What is the highest common divisor of 420 and 24?
12
What is the greatest common divisor of 96 and 32?
32
Calculate the highest common divisor of 26 and 182.
26
Calculate the highest common divisor of 874 and 115.
23
Calculate the highest common factor of 78 and 48.
6
What is the highest common factor of 309 and 824?
103
Calculate the greatest common divisor of 294 and 18228.
294
What is the highest common divisor of 10 and 24230?
10
Calculate the highest common divisor of 14 and 14609.
7
What is the greatest common factor of 1242 and 216?
54
What is the highest common divisor of 868 and 196?
28
What is the highest common factor of 165 and 957?
33
What is the highest common factor of 12 and 14?
2
Calculate the highest common factor of 224 and 28.
28
Calculate the greatest common divisor of 339 and 32883.
339
What is the highest common divisor of 27 and 7074?
27
What is the greatest common factor of 12 and 5742?
6
What is the highest common divisor of 240 and 225?
15
Calculate the greatest common factor of 17 and 2499.
17
What is the greatest common factor of 732 and 3843?
183
What is the greatest common divisor of 663 and 39?
39
What is the highest common divisor of 133 and 14?
7
Calculate the greatest common divisor of 6532 and 46.
46
What is the greatest common factor of 31 and 4?
1
What is the highest common divisor of 60 and 1068?
12
What is the highest common divisor of 48 and 696?
24
What is the greatest common factor of 1335 and 30?
15
Calculate the greatest common factor of 315 and 360.
45
What is the highest common factor of 273 and 78?
39
Calculate the greatest common factor of 26 and 416.
26
Calculate the highest common factor of 295 and 59.
59
What is the highest common divisor of 360 and 200?
40
What is the greatest common factor of 42 and 3556?
14
Calculate the greatest common divisor of 441 and 49.
49
Calculate the greatest common divisor of 74 and 1258.
74
What is the greatest common factor of 32 and 160?
32
What is the greatest common factor of 5565 and 105?
105
Calculate the greatest common factor of 819 and 126.
63
Calculate the greatest common factor of 670 and 10.
10
Calculate the greatest common factor of 25 and 1225.
25
Calculate the greatest common factor of 161 and 7.
7
Calculate the highest common divisor of 272 and 119.
17
What is the highest common factor of 23 and 23?
23
Calculate the greatest common divisor of 47 and 611.
47
Calculate the greatest common divisor of 10142 and 22.
22
What is the highest common factor of 30 and 465?
15
Calculate the greatest common factor of 648 and 135.
27
What is the greatest common divisor of 91 and 3766?
7
What is the highest common factor of 3980 and 20?
20
What is the highest common factor of 1 and 487?
1
What is the highest common factor of 105 and 1701?
21
What is the greatest common divisor of 7626 and 186?
186
What is the highest common divisor of 13 and 169?
13
Calculate the greatest common factor of 545 and 25.
5
Calculate the greatest common factor of 18 and 10386.
18
What is the highest common divisor of 88 and 1595?
11
What is the greatest common factor of 17 and 6341?
17
What is the greatest common factor of 14 and 1?
1
What is the highest common divisor of 120 and 60?
60
What is the greatest common factor of 2532 and 36?
12
What is the greatest common factor of 4081 and 462?
77
What is the highest common factor of 465 and 30?
15
Calculate the greatest common factor of 21 and 357.
21
What is the highest common factor of 1518 and 22?
22
What is the greatest common factor of 112 and 416?
16
What is the greatest common factor of 960 and 165?
15
What is the highest common factor of 6 and 69?
3
Calculate the highest common divisor of 92 and 2369.
23
Calculate the highest common divisor of 3165 and 15.
15
Calculate the greatest common factor of 11480 